 units digit of 558645273?
3
What is the ten thousands digit of 120382891?
8
What is the thousands digit of 203538573?
8
What is the units digit of 39710610?
0
What is the tens digit of 2569938823?
2
What is the hundred millions digit of 5861456842?
8
What is the tens digit of 58061433?
3
What is the billions digit of 2482567574?
2
What is the thousands digit of 20303267?
3
What is the millions digit of 10351372?
0
What is the ten thousands digit of 280721526?
2
What is the hundred millions digit of 6081080540?
0
What is the thousands digit of 42121932?
1
What is the units digit of 214352931?
1
What is the tens digit of 44227995?
9
What is the units digit of 83667149?
9
What is the hundred thousands digit of 1052248451?
2
What is the tens digit of 775405480?
8
What is the hundred millions digit of 3190956711?
1
What is the tens digit of 52398640?
4
What is the millions digit of 134565963?
4
What is the millions digit of 96396344?
6
What is the units digit of 24529023?
3
What is the hundreds digit of 3269583524?
5
What is the hundreds digit of 177886863?
8
What is the thousands digit of 71593233?
3
What is the thousands digit of 1737851658?
1
What is the units digit of 824703574?
4
What is the ten millions digit of 23512914?
2
What is the tens digit of 6883319592?
9
What is the thousands digit of 2201673762?
3
What is the ten thousands digit of 32036648?
3
What is the hundred millions digit of 522331778?
5
What is the hundred thousands digit of 55569371?
5
What is the tens digit of 1512439216?
1
What is the billions digit of 7204913446?
7
What is the millions digit of 252554622?
2
What is the thousands digit of 52555700?
5
What is the hundred thousands digit of 8360422?
3
What is the hundreds digit of 1150337584?
5
What is the ten millions digit of 66158713?
6
What is the hundreds digit of 5065975942?
9
What is the tens digit of 34526163?
6
What is the ten thousands digit of 83689978?
8
What is the millions digit of 2932745692?
2
What is the tens digit of 6240234293?
9
What is the hundred millions digit of 181843699?
1
What is the hundred millions digit of 1485799617?
4
What is the units digit of 97195974?
4
What is the hundreds digit of 498723351?
3
What is the thousands digit of 509070850?
0
What is the units digit of 53946277?
7
What is the tens digit of 5529931477?
7
What is the units digit of 1034628067?
7
What is the thousands digit of 8630592?
0
What is the ten millions digit of 12398099?
1
What is the ten millions digit of 1470950675?
7
What is the hundred thousands digit of 177023794?
0
What is the ten millions digit of 1342407253?
4
What is the hundreds digit of 168524778?
7
What is the hundred thousands digit of 676345129?
3
What is the hundreds digit of 522358913?
9
What is the hundred millions digit of 129838913?
1
What is the ten thousands digit of 6626368888?
6
What is the millions digit of 554353567?
4
What is the millions digit of 82640179?
2
What is the ten thousands digit of 2067802360?
0
What is the thousands digit of 258724467?
4
What is the units digit of 91626711?
1
What is the ten millions digit of 747630832?
4
What is the hundreds digit of 8717807?
8
What is the millions digit of 1292353478?
2
What is the ten thousands digit of 281653248?
5
What is the tens digit of 704851989?
8
What is the hundreds digit of 2157146949?
9
What is the units digit of 137686780?
0
What is the hundred thousands digit of 380383544?
3
What is the tens digit of 6391717?
1
What is the hundred millions digit of 412916822?
4
What is the ten millions digit of 322924501?
2
What is the units digit of 462553368?
8
What is the tens digit of 377364659?
5
What is the tens digit of 54652242?
4
What is the tens digit of 62060999?
9
What is the hundreds digit of 4328634499?
4
What is the units digit of 279864224?
4
What is the thousands digit of 309509671?
9
What is the hundreds digit of 4016798437?
4
What is the ten thousands digit of 462219496?
1
What is the tens digit of 10763693?
9
What is the hundred thousands digit of 504130589?
1
What is the millions digit of 2802974233?
2
What is the ten millions digit of 14415332?
1
What is the ten thousands digit of 3565579407?
7
What is the thousands digit of 4627139778?
9
What is the thousands digit of 69267309?
7
What is the hundred millions digit of 202816979?
2
What is the millions digit of 1230519417?
0
What is the units digit of 735213122?
2
What is the hundred thousands digit of 74004921?
0
What is the thousands digit of 718390956?
0
What is the tens digit of 69032915?
1
What is the thousands digit of 403410498?
0
What is the ten thousands digit of 120264782?
6
What is the hundreds digit of 520026641?
6
What is the thousands digit of 836939027?
9
What is the millions digit of 123057470?
3
What is the hundred thousands digit of 36539327?
5
What is the hundred thousands digit of 3860282317?
2
What is the hundreds digit of 20788149?
1
What is the hundreds digit of 862613175?
1
What is the hundred millions digit of 251146972?
2
What is the hundred millions digit of 128236145?
1
What is the hundred thousands digit of 63032969?
0
What is the tens digit of 3240599673?
7
What is the units digit of 2625888?
8
What is the units digit of 83837226?
6
What is the tens digit of 33171311?
1
What is the thousands digit of 19819769?
9
What is the units digit of 1668471831?
1
What is the ten millions digit of 31385739?
3
What is the thousands digit of 1644768759?
8
What is the hundred thousands digit of 201574646?
5
What is the units digit of 46482295?
5
What is the units digit of 137249600?
0
What is the thousands digit of 6650641?
0
What is the hundred millions digit of 196256552?
1
What is the tens digit of 1381465758?
5
What is the millions digit of 4638700437?
8
What is the hundreds digit of 288846250?
2
What is the tens digit of 240592337?
3
What is the units digit of 27293093?
3
What is the hundred thousands digit of 52714414?
7
What is the hundred millions digit of 3630430478?
6
What is the ten thousands digit of 166441107?
4
What is the hundreds digit of 5372949631?
6
What is the hundred millions digit of 212283524?
2
What is the units digit of 6048298479?
9
What is the thousands digit of 31841175?
1
What is the thousands digit of 88922333?
2
What is the millions digit of 1205459968?
5
What is the ten thousands digit of 58180220?
8
What is the hundred thousands digit of 1061681339?
6
What is the hundred millions digit of 328739344?
3
What is the hundred thousands digit of 250279295?
2
What is the thousands digit of 2695327714?
7
What is the tens digit of 38708889?
8
What is the ten thousands digit of 504040741?
4
What is the hundred thousands digit of 290398076?
3
What is the ten millions digit of 608429849?
0
What is the ten millions digit of 796636833?
9
What is the millions digit of 902226691?
2
What is the hundred thousands digit of 1980676946?
6
What is the units digit of 4191136468?
8
What is the millions digit of 683711701?
3
What is the thousands digit of 1071948374?
8
What is the ten millions digit of 196955005?
9
What is the hundreds digit of 30040171?
1
What is the units digit of 111524928?
8
What is the ten thousands digit of 432268081?
6
What is the hundred thousands digit of 537939587?
9
What is the hundred millions digit of 446208740?
4
What is the ten thousands digit of 39436422?
3
What is the hundred millions digit of 200695590?
2
What is the ten millions digit of 6846296615?
4
What is the thousands digit of 2742366?
2
What is the hundred thousands digit of 1197107046?
1
What is the millions digit of 68488043?
8
What is the ten thousands digit of 169794525?
9
What is the millions digit of 13707773?
3
What is the ten thousands digit of 320477923?
7
What is the ten thousands digit of 248499710?
9
What is the tens digit of 4282401068?
6
What is the units digit of 211908993?
3
What is the hundred millions digit of 354655339?
3
What is the thousands digit of 87089693?
9
What is the ten millions digit of 214238957?
1
What is the hundred millions digit of 143309506?
1
What is the ten millions digit of 1868524113?
6
What is the hundreds digit of 33938105?
1
What is the ten millions digit of 7595417423?
9
What is the units digit of 196158192?
2
What is the hundred thousands digit of 283434437?
4
What 